
What are the prime factors of 3460?
2, 5, 173
What are the prime factors of 1390?
2, 5, 139
What are the prime factors of 25676?
2, 7, 131
List the prime factors of 20551.
20551
What are the prime factors of 54232?
2, 6779
What are the prime factors of 4833?
3, 179
List the prime factors of 3219.
3, 29, 37
What are the prime factors of 7145?
5, 1429
What are the prime factors of 1699?
1699
What are the prime factors of 19047?
3, 7, 907
What are the prime factors of 338?
2, 13
What are the prime factors of 18814?
2, 23, 409
What are the prime factors of 3966?
2, 3, 661
List the prime factors of 1003.
17, 59
List the prime factors of 13922.
2, 6961
What are the prime factors of 2899?
13, 223
What are the prime factors of 537?
3, 179
List the prime factors of 1078.
2, 7, 11
What are the prime factors of 637?
7, 13
What are the prime factors of 1177?
11, 107
List the prime factors of 13123.
11, 1193
List the prime factors of 77386.
2, 38693
List the prime factors of 3718.
2, 11, 13
List the prime factors of 14364.
2, 3, 7, 19
List the prime factors of 884.
2, 13, 17
What are the prime factors of 1326?
2, 3, 13, 17
List the prime factors of 23952.
2, 3, 499
List the prime factors of 93541.
7, 23, 83
What are the prime factors of 4440?
2, 3, 5, 37
List the prime factors of 2129.
2129
What are the prime factors of 77059?
263, 293
What are the prime factors of 1592?
2, 199
What are the prime factors of 9527?
7, 1361
What are the prime factors of 10586?
2, 67, 79
List the prime factors of 2356.
2, 19, 31
What are the prime factors of 2112?
2, 3, 11
List the prime factors of 3742.
2, 1871
What are the prime factors of 748?
2, 11, 17
List the prime factors of 114391.
73, 1567
What are the prime factors of 665?
5, 7, 19
List the prime factors of 6746.
2, 3373
What are the prime factors of 44413?
23, 1931
List the prime factors of 896.
2, 7
What are the prime factors of 2647?
2647
List the prime factors of 2037.
3, 7, 97
What are the prime factors of 14015?
5, 2803
List the prime factors of 50628.
2, 3, 4219
What are the prime factors of 4867?
31, 157
What are the prime factors of 1411?
17, 83
List the prime factors of 1059.
3, 353
What are the prime factors of 50810?
2, 5, 5081
What are the prime factors of 2676?
2, 3, 223
What are the prime factors of 21354?
2, 3, 3559
List the prime factors of 115909.
31, 3739
What are the prime factors of 4493?
4493
What are the prime factors of 33848?
2, 4231
List the prime factors of 6375.
3, 5, 17
List the prime factors of 2378.
2, 29, 41
What are the prime factors of 54?
2, 3
What are the prime factors of 117127?
117127
List the prime factors of 1715.
5, 7
What are the prime factors of 5790?
2, 3, 5, 193
List the prime factors of 4412.
2, 1103
List the prime factors of 8822.
2, 11, 401
What are the prime factors of 18?
2, 3
List the prime factors of 1214.
2, 607
List the prime factors of 670.
2, 5, 67
What are the prime factors of 86409?
3, 9601
What are the prime factors of 10724?
2, 7, 383
List the prime factors of 5430.
2, 3, 5, 181
What are the prime factors of 21216?
2, 3, 13, 17
List the prime factors of 1592.
2, 199
What are the prime factors of 58510?
2, 5, 5851
What are the prime factors of 910?
2, 5, 7, 13
List the prime factors of 497.
7, 71
List the prime factors of 676.
2, 13
List the prime factors of 518.
2, 7, 37
List the prime factors of 339.
3, 113
What are the prime factors of 1201?
1201
List the prime factors of 11354.
2, 7, 811
List the prime factors of 15336.
2, 3, 71
What are the prime factors of 439?
439
What are the prime factors of 4701?
3, 1567
List the prime factors of 2594.
2, 1297
What are the prime factors of 1781?
13, 137
What are the prime factors of 561?
3, 11, 17
What are the prime factors of 15260?
2, 5, 7, 109
What are the prime factors of 2350?
2, 5, 47
What are the prime factors of 15761?
15761
List the prime factors of 3515.
5, 19, 37
List the prime factors of 1973.
1973
What are the prime factors of 557?
557
What are the prime factors of 2127?
3, 709
List the prime factors of 5035.
5, 19, 53
What are the prime factors of 47?
47
What are the prime factors of 157968?
2, 3, 1097
What are the prime factors of 927?
3, 103
What are the prime factors of 5297?
5297
List the prime factors of 386.
2, 193
What are the prime factors of 35421?
3, 11807
List the prime factors of 117280.
2, 5, 733
What are the prime factors of 686?
2, 7
List the prime factors of 27727.
7, 17, 233
What are the prime factors of 21040?
2, 5, 263
List the prime factors of 87940.
2, 5, 4397
List the prime factors of 14037.
3, 4679
List the prime factors of 5807.
5807
List the prime factors of 109289.
293, 373
What are the prime factors of 13389?
3, 4463
List the prime factors of 24.
2, 3
List the prime factors of 12058.
2, 6029
What are the prime factors of 17560?
2, 5, 439
List the prime factors of 5408.
2, 13
List the prime factors of 12827.
101, 127
List the prime factors of 1238.
2, 619
List the prime factors of 1194.
2, 3, 199
What are the prime factors of 6986?
2, 7, 499
List the prime factors of 13560.
2, 3, 5, 113
What are the prime factors of 8515?
5, 13, 131
What are the prime factors of 20454?
2, 3, 7, 487
List the prime factors of 2133.
3, 79
List the prime factors of 56198.
2, 28099
List the prime factors of 1137.
3, 379
What are the prime factors of 10405?
5, 2081
List the prime factors of 1485.
3, 5, 11
What are the prime factors of 509?
509
What are the prime factors of 29794?
2, 14897
What are the prime factors of 54?
2, 3
List the prime factors of 14908.
2, 3727
List the prime factors of 1413.
3, 157
List the prime factors of 2724.
2, 3, 227
List the prime factors of 638.
2, 11, 29
List the prime factors of 2640.
2, 3, 5, 11
What are the prime factors of 2772?
2, 3, 7, 11
What are the prime factors of 774?
2, 3, 43
What are the prime factors of 4249?
7, 607
What are the prime factors of 1085?
5, 7, 31
What are the prime factors of 1903?
11, 173
List the prime factors of 702.
2, 3, 13
List the prime factors of 2049.
3, 683
List the prime factors of 28934.
2, 17, 23, 37
What are the prime factors of 2113?
2113
List the prime factors of 1183.
7, 13
List the prime factors of 112699.
251, 449
List the prime factors of 84348.
2, 3, 11, 71
What are the prime factors of 3293?
37, 89
What are the prime factors of 1158?
2, 3, 193
List the prime factors of 2827.
11, 257
List the prime factors of 2731.
2731
What are the prime factors of 17346?
2, 3, 7, 59
List the prime factors of 39193.
7, 11, 509
What are the prime factors of 3437?
7, 491
List the prime factors of 60779.
60779
List the prime factors of 1574.
2, 787
List the prime factors of 12792.
2, 3, 13, 41
What are the prime factors of 4093?
4093
What are the prime factors of 3224?
2, 13, 31
List the prime factors of 72583.
7, 10369
What are the prime factors of 2762?
2, 1381
What are the prime factors of 191?
191
List the prime factors of 1246.
2, 7, 89
What are the prime factors of 418?
2, 11, 19
What are the prime factors of 637?
7, 13
List the prime factors of 342.
2, 3, 19
What are the prime factors of 8290?
2, 5, 829
List the prime factors of 65234.
2, 13, 193
List the prime factors of 3426.
2, 3, 571
What are the prime factors of 11418?
2, 3, 11, 173
What are the prime factors of 17?
17
What are the prime factors of 1266?
2, 3, 211
List the prime factors of 3935.
5, 787
What are the prime factors of 4176?
2, 3, 29
List the prime factors of 11551.
11551
List the prime factors of 47979.
3, 1777
What are the prime factors of 11367?
3, 421
What are the prime factors of 1893?
3, 631
What are the prime factors of 883?
883
What are the prime factors of 42877?
53, 809
List the prime factors of 1527.
3, 509
What are the prime factors of 42709?
42709
List the prime factors of 30385.
5, 59, 103
List the prime factors of 5928.
2, 3, 13, 19
What are the prime factors of 737?
11, 67
List the prime factors of 163357.
29, 43, 131
What are the prime factors of 1840?
2, 5, 23
List the prime factors of 20825.
5, 7, 17
List the prime factors of 44549.
44549
What are the prime factors of 888?
2, 3, 37
List the prime factors of 3758.
2, 1879
What are the prime factors of 32380?
2, 5, 1619
List the prime factors of 5047.
7, 103
List the prime factors of 1068.
